61
Calculate the remainder when 7945449 is divided by 44141.
69
Calculate the remainder when 38312111 is divided by 5708.
15
What is the remainder when 1320213 is divided by 230?
13
What is the remainder when 3195412 is divided by 301?
297
Calculate the remainder when 253245 is divided by 1690.
1435
What is the remainder when 62926269 is divided by 748?
21
What is the remainder when 313658 is divided by 3872?
26
What is the remainder when 69605 is divided by 128?
101
Calculate the remainder when 155919 is divided by 8214.
8067
Calculate the remainder when 816928 is divided by 271804.
1516
What is the remainder when 368782 is divided by 922?
904
Calculate the remainder when 3708090 is divided by 927020.
10
Calculate the remainder when 62876 is divided by 300.
176
Calculate the remainder when 45851336 is divided by 3536.
24
What is the remainder when 7239060 is divided by 2504?
2500
Calculate the remainder when 300722675 is divided by 40.
35
Calculate the remainder when 2242411109 is divided by 2006.
2003
What is the remainder when 13219589 is divided by 224?
5
What is the remainder when 159920530 is divided by 8412?
8410
What is the remainder when 84528285 is divided by 963?
960
What is the remainder when 56798530 is divided by 252?
250
What is the remainder when 550960 is divided by 1190?
1180
Calculate the remainder when 93322 is divided by 3100.
322
Calculate the remainder when 577050 is divided by 1708.
1454
What is the remainder when 10319428 is divided by 2063878?
38
What is the remainder when 640051 is divided by 66?
49
What is the remainder when 1186202 is divided by 296545?
22
What is the remainder when 116240 is divided by 53900?
8440
What is the remainder when 76376 is divided by 104?
40
Calculate the remainder when 5434444 is divided by 1811338.
430
Calculate the remainder when 5061046 is divided by 824.
38
What is the remainder when 41987 is divided by 399?
92
What is the remainder when 4677121 is divided by 30974?
47
What is the remainder when 534419 is divided by 12144?
83
What is the remainder when 3951608 is divided by 54?
50
What is the remainder when 5881909 is divided by 110?
99
Calculate the remainder when 351513 is divided by 145.
33
What is the remainder when 190799 is divided by 38024?
679
What is the remainder when 947953 is divided by 26?
19
Calculate the remainder when 976993 is divided by 162522.
1861
Calculate the remainder when 53143778 is divided by 17.
10
What is the remainder when 1351133 is divided by 7?
0
What is the remainder when 10980676 is divided by 23?
16
Calculate the remainder when 2338426 is divided by 3085.
3081
What is the remainder when 69364842 is divided by 9909262?
8
Calculate the remainder when 5805 is divided by 1373.
313
Calculate the remainder when 889871 is divided by 3803.
3772
Calculate the remainder when 111530 is divided by 406.
286
Calculate the remainder when 88147 is divided by 8771.
437
What is the remainder when 22644473 is divided by 937?
931
What is the remainder when 1228379037 is divided by 72?
69
What is the remainder when 695290 is divided by 166?
82
Calculate the remainder when 355413138 is divided by 28.
10
Calculate the remainder when 2668442 is divided by 83.
75
What is the remainder when 2156546 is divided by 539134?
10
Calculate the remainder when 799337 is divided by 162.
29
What is the remainder when 68576 is divided by 117?
14
Calculate the remainder when 771145 is divided by 265.
260
Calculate the remainder when 11931 is divided by 11872.
59
What is the remainder when 2992252 is divided by 153?
31
Calculate the remainder when 1161889 is divided by 580840.
209
Calculate the remainder when 4470963 is divided by 1490319.
6
Calculate the remainder when 1415679 is divided by 640.
639
What is the remainder when 5878764 is divided by 2237?
2165
What is the remainder when 811211 is divided by 165?
71
Calculate the remainder when 568299 is divided by 847.
809
Calculate the remainder when 32274 is divided by 15444.
1386
Calculate the remainder when 266485 is divided by 66611.
41
Calculate the remainder when 27202051 is divided by 936.
19
Calculate the remainder when 18953 is divided by 5928.
1169
What is the remainder when 5508103 is divided by 15?
13
What is the remainder when 2395291 is divided by 598813?
39
What is the remainder when 547189145 is divided by 44?
41
Calculate the remainder when 28875264 is divided by 305.
304
What is the remainder when 19358 is divided by 9665?
28
Calculate the remainder when 3859283 is divided by 4879.
4873
Calculate the remainder when 148430849 is divided by 7421542.
9
Calculate the remainder when 38279 is divided by 4736.
391
What is the remainder when 7023970 is divided by 124?
114
Calculate the remainder when 2259135 is divided by 679.
102
What is the remainder when 20901368 is divided by 154?
26
What is the remainder when 11816927 is divided by 3384?
3383
What is the remainder when 343179972 is divided by 11833792?
4
What is the remainder when 854655 is divided by 302?
297
Calculate the remainder when 7193621 is divided by 2397852.
65
What is the remainder when 83096 is divided by 1933?
1910
What is the remainder when 559849 is divided by 1530?
1399
Calculate the remainder when 1043110 is divided by 173849.
16
Calculate the remainder when 692717 is divided by 96.
77
What is the remainder when 414184 is divided by 118?
4
Calculate the remainder when 44020 is divided by 6845.
2950
What is the remainder when 555255 is divided by 482?
473
What is the remainder when 25826 is divided by 999?
851
Calculate the remainder when 36453716 is divided by 107533.
29
Calculate the remainder when 1583356 is divided by 110.
16
What is the remainder when 5192479 is divided by 1162?
663
Calculate the remainder when 197117 is divided by 612.
53
Calculate the remainder when 586598 is divided by 181.
158
Calculate the remainder when 498915 is divided by 166263.
126
Calculate the remainder when 1246927 is divided by 765.
742
What is the remainder when 795330 is divided by 210?
60
Calculate the remainder when 25911559 is divided by 40.
39
Calculate the remainder when 531107 is divided by 9.
8
What is the remainder when 130478 is divided by 1353?
590
What is the remainder when 179401 is divided by 62?
35
Calculate the remainder when 38934 is divided by 676.
402
Calculate the remainder when 139003 is divided by 121.
95
Calculate the remainder when 23264492 is divided by 399.
398
What is the remainder when 1776705 is divided by 104510?
35
What is the remainder when 256744 is divided by 270?
244
What is the remainder when 129197 is divided by 5516?
2329
What is the remainder when 49331586 is divided by 1973263?
11
What is the remainder when 18665227 is divided by 18665202?
25
What is the remainder when 16173628 is divided by 1287?
1186
Calculate the remainder when 16454198 is divided by 145612.
42
Calculate the remainder when 603008 is divided by 301499.
10
Calculate the remainder when 3631478 is divided by 77.
4
Calculate the remainder when 451416 is divided by 451412.
4
Calculate the remainder when 625261 is divided by 9764.
365
Calculate the remainder when 7107921 is divided by 28206.
9
What is the remainder when 61576 is divided by 331?
10
What is the remainder when 166728 is divided by 1244?
32
Calculate the remainder when 67803 is divided by 3975.
228
Calculate the remainder when 5864 is divided by 179.
136
What is the remainder when 96971 is divided by 2108?
3
Calculate the remainder when 14049381 is divided by 38.
21
Calculate the remainder when 468877 is divided by 10904.
5
What is the remainder when 89942 is divided by 4136?
3086
What is the remainder when 284141964 is divided by 32?
12
Calculate the remainder when 578100 is divided by 9168.
516
What is the remainder when 4318939 is divided by 36?
19
Calculate the remainder when 7551491 is divided by 1773.
284
What is the remainder when 9766362 is divided by 9085?
9072
Calculate the remainder when 38548 is divided by 3658.
1968
What is the remainder when 23754930 is divided by 867?
864
Calculate the remainder when 575106 is divided by 2018.
1994
What is the remainder when 1121839 is divided by 3099?
1
Calculate the remainder when 109958966 is divided by 9163244.
38
Calculate the remainder when 15622